 110 = u + 3*v. Let g = c - u. What is the remainder when 141 is divided by g?
45
Let o = 4981 - 2959. Calculate the remainder when o is divided by 15.
12
Suppose -o - 2*o + 8187 = 4*k, 5*o = 7*k - 14276. Calculate the remainder when k is divided by 62.
59
Suppose -68*v = -67*v - 3. Calculate the remainder when (-3)/6*201/v*-8 is divided by 34.
30
Let y = 95 + -111. Calculate the remainder when y/(-136) - 814/(-17) is divided by 14.
6
Suppose 3*a - 29*a - 14*a = -5920. Calculate the remainder when a is divided by 51.
46
Suppose -3*q = -5*r - 7241, q - 2*r = -6*r + 2408. Calculate the remainder when q is divided by 17.
15
Suppose 4*v + 5*b - 34 = 0, -2*v + 2*b + 26 = -0*b. Let j(a) = 3*a**2 - 5*a**2 + 40 - 28 - 13*a + a**2. What is the remainder when j(-10) is divided by v?
9
Suppose 498 = 5*o + 3*p - 4*p, 4*p + 408 = 4*o. Let v(i) = -6*i + 21. Let k be v(5). Let a = 35 + k. Calculate the remainder when o is divided by a.
21
Let c = -17043 + 17084. What is the remainder when 79 is divided by c?
38
Let w = -11933 - -12039. What is the remainder when w is divided by 97?
9
Suppose 0 = -a + 105 - 97, a = 4*n - 836. What is the remainder when 1019 is divided by n?
175
Let b = 15 - 5. Let v be ((-16)/10)/((-28)/(-70)). Calculate the remainder when (-29)/(-1)*-2*v/8 is divided by b.
9
Let w = 1 - -21. What is the remainder when 1620/(-20250) - (-1154)/50 is divided by w?
1
Let x(h) = -56 - 19 - 12*h + 4*h. Calculate the remainder when x(-13) is divided by 10.
9
Suppose -2192 = -2*k + 2*s, 22*s - 15 = 17*s. What is the remainder when k is divided by 14?
7
Let d(q) = 12*q**2 + q - 2. Let i be (-4)/(-6)*(3 - 0). Let y = i + -1. What is the remainder when d(y) is divided by 4?
3
Let h(b) = -b - 17. Let u be h(-10). Let k = 105 + u. Let l = k - -42. Calculate the remainder when l is divided by 47.
46
What is the remainder when (-5)/70*-14*2/(4/2782) is divided by 17?
14
Suppose 0 = 22*t - 14*t - 5744. What is the remainder when t is divided by 22?
14
Let o(u) = -u**3 + 23*u**2 + 25*u - 13. Let p(w) = -2*w + 1. Let f be p(-3). Suppose f*m = 15*m - 192. Calculate the remainder when 30 is divided by o(m).
8
Calculate the remainder when 6510/(-280)*136/(-6) - (4 - 2) is divided by 140.
105
Let v = 5025 - 4923. Calculate the remainder when 605 is divided by v.
95
Suppose 77*q - 75*q + 17 = 5*b, 41 = 4*q + 5*b. Let k(l) = 2*l**3 - 4*l**2 + 8*l - 15. Calculate the remainder when k(q) is divided by 6.
3
Let t = 117195 - 117133. Let p(h) = -h**2 + 8*h + 4. Let i be p(6). Let n = i + -3. Calculate the remainder when t is divided by n.
10
Let w be -3*(-2)/(-6)*-24. Let f be 52/w - 2/12. Suppose -4*h = -f*t - t - 256, -2*t - 69 = -h. What is the remainder when h is divided by 26?
9
Suppose -111 - 747 = -20*v - 18. Calculate the remainder when 596 is divided by v.
8
Suppose 26 + 14 = 2*y. Suppose 17*x - 1905 = 2*x. Let g = x - 54. What is the remainder when g is divided by y?
13
Suppose -a - 12*a = -637. Suppose 4*o + 3*o = a. Calculate the remainder when 19 is divided by o.
5
Let y = 14035 - 12727. Calculate the remainder when y is divided by 17.
16
Suppose 13*p = 2*k + 14*p - 38, 0 = -3*k + p + 37. What is the remainder when 2051 is divided by k?
11
Suppose -3*x + 92 = 5*z, 20 = 5*z - 0. Let q be -2 + ((-6)/3)/(-2)*5. Suppose n = c - 93, -c - c + 186 = -q*n. Calculate the remainder when c is divided by x.
21
Let w be (-2284)/6 + 2 - 1/3. Let l = w - -503. Calculate the remainder when l is divided by 13.
7
Let o(l) = 2 - 170*l**3 + 171*l**3 - 15*l - 8 - 8*l + 15*l**2. What is the remainder when o(-16) is divided by 12?
10
Let b = 24 + 17. Suppose -3*q - h + 48 = 2*h, 0 = 2*q - h - b. Suppose -2*f + 78 = 2*k, 19 + 47 = 2*f - k. Calculate the remainder when f is divided by q.
16
Let v = 203 + -133. Calculate the remainder when (6 - (2 - 4)) + 128 + 1 is divided by v.
67
Suppose 0 = -15*n + 35 + 25. Calculate the remainder when ((-475)/n + 2)/((-21)/84) is divided by 12.
11
Suppose 51*i = 54*i - 132. Suppose 14 = 19*n - 17*n. Calculate the remainder when i is divided by n.
2
Suppose -2*v = 4*j - 106, 5*j + 23 = 3*v - 147. Calculate the remainder when 1151 is divided by v.
51
Suppose -2*v + 4*w + 68 = -76, -386 = -5*v - 3*w. Suppose 51*f + 2200 = 30*f + 121*f. Calculate the remainder when v is divided by f.
10
Let u = 181 + -163. Let t(d) be the first derivative of d**4/4 - 19*d**3/3 + d**2/2 + 43*d + 37. Calculate the remainder when t(19) is divided by u.
8
Let i(l) = 2*l**3 - 3*l**2 + l - 2. Let u be i(2). What is the remainder when 589/2 - 6/u is divided by 49?
48
Let f = -4074 + 4146. What is the remainder when f is divided by 46?
26
Let j = 27186 - 27168. What is the remainder when 1573 is divided by j?
7
Let z = -215 - -220. Suppose 5*q = -z*i + 70, 2*i - 64 = -4*q - 16. Let v = 2 + 9. Calculate the remainder when v is divided by q.
1
Suppose -2*l = 3*j + l - 60, -l = -2*j + 49. Suppose -3*n = 2*z - 37, -z + 3*n + 0*n + 5 = 0. Calculate the remainder when j is divided by z.
9
Suppose -3*k + 210 = -123. Calculate the remainder when k is divided by (3/(-9)*1)/((-2)/96).
15
Calculate the remainder when 2868/(-20)*(-15)/(6 + 72/(-16)) is divided by 76.
66
Let d(l) = 6*l**2 + l - 2. Let j = 228 + -575. Let z = 385 + j. Calculate the remainder when z is divided by d(-2).
18
Suppose 17*l = 2*l + 60. Suppose 7*s + 60 = l*w + 3*s, -58 = -4*w + 5*s. Let b = -1 - -6. Calculate the remainder when w is divided by b.
2
Let g(i) = 84*i**2 + 6162*i - 6163. Calculate the remainder when g(1) is divided by (-8)/28 - 270/(-14).
7
Suppose -r + h + 93 = 2*r, 0 = 5*r - 4*h - 148. Suppose -5*w + 5*s + 143 + r = 0, -4*w + s = -131. What is the remainder when w is divided by 7?
4
What is the remainder when 121 is divided by ((-92)/(-10))/(-2*(-6)/30)?
6
Suppose 0 = -88*k - 85*k + 1035924. What is the remainder when k is divided by 113?
112
Let q(b) = b**2 + 10*b + 5. Let o be q(-6). Let l(y) = 7*y + 36. Let m be l(o). Let j = m - -104. What is the remainder when 32 is divided by j?
4
Suppose -5*y - 37*b + 3696 = -35*b, -y - b = -738. Calculate the remainder when y is divided by 186.
182
Let o(b) = b**2 - 1756*b + 7014. What is the remainder when 505 is divided by o(4)?
1
Let r(q) = q**2 - 18*q - 19. Let x be r(19). Calculate the remainder when (-15 + x)*848/(-40) is divided by 46.
42
Let n(l) = 245*l - 1180. Calculate the remainder when 232 is divided by n(5).
7
Let x = 195 - -47. Calculate the remainder when x is divided by 41.
37
Suppose -2688 = 1778*g - 1820*g. What is the remainder when g is divided by (-2)/6 + 400/12?
31
Suppose 5*i = 3*u - 3015, -2*u + 3*i + 1994 = 5*i. Calculate the remainder when u is divided by 22.
10
Suppose -3*j + 25*j - 4351 - 621 = 0. Calculate the remainder when 617 is divided by j.
165
Let y be (2*-2)/(-1) - (-90)/(-18). What is the remainder when 94 is divided by 14 - 19 - (0 - -21)/y?
14
Suppose 6*b + 252 = 2*z + 4*b, 3*z - b - 368 = 0. Suppose -2*o + 183 = o. What is the remainder when z is divided by o?
60
Suppose 2*i - 232 = -244, -5*c + 77 = 3*i. Calculate the remainder when 6933 is divided by c.
17
Suppose 0 = -3*k + 3*p + 1203, 63*k + 404 = 64*k - 4*p. What is the remainder when k is divided by 151?
98
Let n = 210 - 381. Let m = -120 - n. Suppose 5*i = -c + m, 262 - 7 = 5*c - i. Calculate the remainder when 152 is divided by c.
50
Let a(z) = -91*z - 3768. What is the remainder when 526 is divided by a(-47)?
17
Let d(u) = 3 - 10 - 11 - 4*u. Let j be d(11). What is the remainder when 122 is divided by (j/(-6))/(3/9)?
29
Let t = -4002 + 4425. What is the remainder when t is divided by 33?
27
Let u be 10/(-20) - 1/(-2). Suppose -8*q = 4*q - 16*q. Calculate the remainder when 68 is divided by 23 + q/(-4) + u.
22
Suppose 10 = -2*a, 0 = y - 93*a + 88*a - 2644. Calculate the remainder when y is divided by 41.
36
Let g(w) = w**3 - 11*w**2 - 19*w - 3. Let b(y) = -y**3 + 12*y**2 + 21*y + 4. Let q(o) = -4*b(o) - 5*g(o). What is the remainder when q(8) is divided by 13?
10
Suppose 3*f - 4*b - 84 = -f, -4*b = 4. Let z = f - 8. Calculate the remainder when 42 + 2 + -5 - 4 is divided by z.
11
Suppose -4*k + 3*p - 583 = 0, -k - 2*p = -7*p + 133. Let m = k - -174. Let r = 160 - 84. What is the remainder when r is divided by m?
24
Suppose -b - 671*z + 668*z + 599 = 